when s is divided by 11.
8
Let n = -1 + 18. What is the remainder when n is divided by 6?
5
Suppose j = -2*j + 12. Suppose -o = j*o - 40. Suppose 5*f + q - 35 = 0, 2*f + f = 2*q + o. Calculate the remainder when 11 is divided by f.
5
Suppose 0 = -2*d - 3 - 3. Let w = 4 + d. What is the remainder when 2 is divided by w?
0
Let c(i) = -i + 1. Let u be c(-4). Suppose 2*l - 34 = -u*k, 3*k + 4 = 4*k. Calculate the remainder when 19 is divided by l.
5
Suppose -8 = 4*j, -12 = -g + 7*j - 3*j. Suppose -t + 28 = 3*l + 4*t, 26 = 2*l - g*t. What is the remainder when 20 is divided by l?
9
Calculate the remainder when (1/2)/((-6)/444)*-1 is divided by 20.
17
Suppose -h = -5 - 4. Suppose 3*t - 12 = h. Suppose 0 = 3*l - 5*v + 8, 0 = -4*l - v + 5*v. What is the remainder when t is divided by l?
3
Suppose 9*w + 2 - 56 = 0. Calculate the remainder when 20 is divided by w.
2
Let j(k) = -k**3 - 8*k**2 - 2*k + 4. Let s be -9 - ((-2 - 1) + 2). Calculate the remainder when j(s) is divided by 7.
6
Calculate the remainder when 3 + (-6 - -3) + 71 is divided by 24.
23
Let h be (12/9 + -1)*15. Let z = 1 + h. Suppose 0 = -o + 3*n + 19, 5*o + 21 = z*o - 4*n. What is the remainder when 38 is divided by o?
12
Let f = 7 - 2. Let r = f + -4. Calculate the remainder when 46 is divided by (r*-3)/(6/(-32)).
14
Let h = -20 - -30. Calculate the remainder when h is divided by 3.
1
Let k(f) = -3*f**3 - 3*f**2 - 4*f - 2. What is the remainder when k(-3) is divided by 23?
18
Let r(n) = n**3 + 21*n**2 - n - 13. Suppose -2*k + 1 + 7 = 0. Suppose k*a - a = 42. Calculate the remainder when a is divided by r(-21).
6
Let j be (-2)/8 - (-69)/(-12). What is the remainder when 29 is divided by (j - 0)*(-12)/9?
5
Let g = -37 - -59. Let l = g - 14. What is the remainder when l is divided by (-1 - 1)/(-2)*3?
2
Let g = -2 - -5. Suppose u = -g*u + 236. What is the remainder when u is divided by 15?
14
Let j(k) = 30*k**3 - 2*k**2 + 3*k - 2. What is the remainder when 114 is divided by j(1)?
27
Let l(z) = -3*z**3 + 4*z + 3. Calculate the remainder when l(-2) is divided by 10.
9
Suppose -f = -6 + 2. Let a = -4 - -6. What is the remainder when f is divided by a?
0
Let n = -57 - -95. Calculate the remainder when n is divided by -8 - -8 - (1 + -14).
12
Let k(j) = j**2 + 8*j + 5. Let r(o) = -2*o**2 - 16*o - 9. Let d(f) = 5*k(f) + 3*r(f). Let g be d(-6). What is the remainder when 135/g - (-1)/2 is divided by 5?
4
Let g(d) = 36*d**2 + 2*d - 1. Suppose 4*r = 3 + 1. Calculate the remainder when g(r) is divided by 13.
11
Let r = -55 + 104. Suppose r = 4*t - 47. Calculate the remainder when 95 is divided by t.
23
Let q = 0 + 0. Suppose q = 5*u - 0*u. Let o(x) = -x**2 - x + 2. Calculate the remainder when 3 is divided by o(u).
1
Let r(a) = -a**2 + 11*a - 5. Let h = 6 + -3. Suppose i - 1 = h*p + 3*i, -4*p = 4*i + 8. What is the remainder when r(10) is divided by p?
2
Let m(d) = -71*d + 1. Let n be m(-2). Let c = n + -77. Calculate the remainder when c is divided by 17.
15
Let l = -6 + 10. Suppose j + l*j = 40. Let n(s) = s**3 + 8*s**2 + 5*s. Calculate the remainder when n(-7) is divided by j.
6
Let t(c) = -c**2 + 12*c + 8. What is the remainder when 111 is divided by t(10)?
27
Let u = -57 - -84. Let t be 18/u*(-9)/(-2). What is the remainder when (t - 2)*33*1 is divided by 17?
16
Let d(l) = 5*l**2 + 2*l - 2. Let y(q) = -q**3 + 9*q**2 + 7*q - 4. Let r be y(10). Let w = 61 + r. What is the remainder when w is divided by d(-2)?
13
Suppose -3*s = -2*s - 4. Let t(o) = 5*o - 5. Let f(l) = -l + 1. Let g(j) = 4*f(j) + t(j). What is the remainder when 5 is divided by g(s)?
2
Suppose -58 = -2*y - 0*o - 2*o, 29 = y + 4*o. What is the remainder when 84 is divided by y?
26
Let p = 5 + -1. Suppose -p*m + 3*m = -27. What is the remainder when m is divided by 6?
3
Suppose 0 = -6*b + 3*b + 27. Suppose -11 = -4*a + b. Suppose -a*i - 86 = -4*z, -2*z - 2*i - 80 = -6*z. Calculate the remainder when 55 is divided by z.
17
Suppose -5*x = 6*x - 33. Calculate the remainder when 23 is divided by x.
2
Let d be 2634/9 - 3/(-9). Suppose m - d = -4*r - 119, 3*m = 5*r - 226. Let k = r - 30. What is the remainder when k is divided by 4?
2
Let r be (-3)/18 + (-19)/(-6). Suppose -5 = -c, 2*j = 5*j - r*c - 66. Let s(f) = 2*f**2 - 7*f - 1. What is the remainder when j is divided by s(5)?
13
Suppose 3*t - 5 = -2*t. Suppose k - 5*g = -4 + 13, -g + t = 0. What is the remainder when 38 is divided by k?
10
Suppose 6*q - 31 + 127 = 0. What is the remainder when 43 is divided by q/(-20)*(-220)/(-8)?
21
Let h(y) = 2*y**3 - 3*y**2 + 3*y - 2. Let v be h(3). Suppose 0*i = -2*i + v. Let c = -65 + 115. What is the remainder when c is divided by i?
16
Let w(t) = -t**3 - 9*t**2 - 12*t - 5. Let d be 1/(-3) + (-138)/18. What is the remainder when 79 is divided by w(d)?
25
Let i = -15 + 24. Let w = -11 - -17. Suppose -2*n + 3*n - w = 0. What is the remainder when i is divided by n?
3
Let g = -9 + 7. Let i be -2*(1 - 2 - g). What is the remainder when 54 is divided by (-21)/((-1)/i - 2)?
12
Suppose 3*v = 3*c + 6, 4*v - 12 - 2 = c. Suppose -3*a = -p + 21, -v*a + 0*a - 43 = -3*p. Calculate the remainder when 26 is divided by p.
8
What is the remainder when (9/(-12))/((-1)/56) is divided by 23?
19
Let o = -2 - -2. Let z(k) = k**3 + 7*k**2 + 5*k + 6. Let w be z(-6). Suppose -w = -o*l - l. What is the remainder when l is divided by 5?
2
Suppose 2*b = -3*s + b + 61, 5*s - 95 = 5*b. What is the remainder when 39 is divided by s?
19
Let s(u) = -6*u - 1 - 2 - 2. Calculate the remainder when s(-6) is divided by 17.
14
Let h = 98 + -64. Let f be (1/(-2))/((-4)/280). Suppose 107 = 4*v + f. What is the remainder when h is divided by v?
16
Let d(y) = 22*y**3 + 2*y**2 - 1. Let u be d(-1). Suppose 3*o + 14 = 5*o. What is the remainder when u/(-2) - (-6)/4 is divided by o?
5
Let i(y) = 3 + 4*y + 12 + 4 - 3*y. Calculate the remainder when i(-16) is divided by 3.
0
Let z(h) = 3*h**2 - h + 1. Suppose 0 = 4*q - 0 + 40. Let u = -2 - q. What is the remainder when u is divided by z(1)?
2
Let r = 22 + -18. Let i = r + 7. Suppose 3 = 2*p + 2*p - 5*a, 0 = 3*p + a - 26. What is the remainder when i is divided by p?
4
Let j be 4/(-22) - 798/(-33). Let l = -5 + j. What is the remainder when l is divided by 5?
4
Suppose 6 = -5*r + 11. What is the remainder when 32 is divided by ((-6)/6)/(r/(-17))?
15
Let v(g) = -g**2 + 16*g - 5. Calculate the remainder when v(10) is divided by 20.
15
Let o(i) = i**2 + 2*i + 3. Let q(w) = 2*w. Let r be q(2). Calculate the remainder when o(-6) is divided by r + 3/3 + 2.
6
Let d(a) = -2 + 8*a + 4*a**2 - 5*a**2 + 8. Let r = 34 - 26. Calculate the remainder when 10 is divided by d(r).
4
Let t = -355 - -551. Calculate the remainder when t is divided by 33.
31
Let v(u) = -2*u**2 + u + 1. Let q be v(2). Let p = q + 7. Suppose 2*n = -3*w - 2, -n + 14 = 5*w - p*n. What is the remainder when 2 is divided by w?
0
Let c(w) = 98*w**3 + w**2 + 2*w - 2. Calculate the remainder when c(1) is divided by 50.
49
Let v = 12 + 9. Let w = 48 - v. What is the remainder when w is divided by 10?
7
Let o(d) = 4*d + 6. What is the remainder when o(7) is divided by 7?
6
Let q = -18 + 24. Calculate the remainder when 12 - -8*3/q is divided by 9.
7
Suppose -2*b + z + 182 = 0, 0 = -6*b + 2*b + 4*z + 372. What is the remainder when b is divided by 1022/35 + 4/5?
29
Let n(w) = -w**2 + 7*w - 7. Let s be n(6). Let z(i) = -21*i - 1. Calculate the remainder when 59/(-3)*30/(-10) is divided by z(s).
19
Suppose r = -2*b + 176, -7*r + 274 = 3*b - 3*r. What is the remainder when b is divided by 24?
14
Calculate the remainder when 157 is divided by -12*(-4)/18*6.
13
Let k = 11 - -22. What is the remainder when k is divided by 12?
9
Calculate the remainder when 3*(1 - 21)*(-6)/5 is divided by 25.
22
Let n(x) be the third derivative of -x**2 - 1/24*x**4 + 1/6*x**3 + 0 + 0*x. What is the remainder when 5 is divided by n(-2)?
2
Suppose -4*i + 32 = o + 2*o, 4*o + i - 21 = 0. Suppose 110 = 5*z + 2*t + 3*t, -o*z + 91 = t. What is the remainder when 89 is divided by z?
20
Let h(n) = n**3 - 15*n**2 + 14*n + 12. Let i be h(14). What is the remainder when i*(75/12 - 1) is divided by 22?
19
Suppose 3*u + 6 = 0, -54 = -5*x + 2*u - 0*u. Suppose x*l = 5*l + 110. Let o = -13 - -56. What is the remainder when o is divid